e 0 = v - 19 - u. What is the remainder when 107 is divided by v?
19
Suppose 104*v - 92*v - 828 = 0. What is the remainder when 204 is divided by v?
66
Suppose 131*o - 95*o - 12325 = -109*o. What is the remainder when o is divided by (-3)/((-3)/25) + 0?
10
Suppose 29*k - 8580 = 18*k. Calculate the remainder when k is divided by 46.
44
Let h = -38 - -43. Suppose -h*d + 78 = -42. What is the remainder when 70 is divided by d?
22
Suppose 57*j + 46 = 59*j. Let t = 27 - 17. What is the remainder when j is divided by t?
3
Let x be -40*(12/18 - 5/(-6)). Let s = -40 - x. What is the remainder when s is divided by 7?
6
Let s = -28 - -2. Let n = 28 + s. What is the remainder when 3 is divided by n?
1
Calculate the remainder when 10 is divided by 2*4/4*55/22.
0
Calculate the remainder when 87 - (76/(-18) + (-4)/(-18)) is divided by 20.
11
Let z(b) = 5*b + 28. Let u be z(-6). Calculate the remainder when 2/12 + 715/30 + u is divided by 4.
2
Let h(m) = -2*m**2 + m + 2. Let t(b) = -4*b**2 + b + 5. Let w(f) = 7*h(f) - 4*t(f). Calculate the remainder when 25 is divided by w(-4).
11
Let f = -899 + 1363. Let b = 749 - f. Calculate the remainder when b is divided by 36.
33
Let t be 4*(-474)/(-48)*4. Let r = t + -95. What is the remainder when 186 is divided by r?
60
Let f(h) = -h - 27. Let w be f(-9). Calculate the remainder when 7 is divided by 1/(-1 + w/(-15)).
2
Suppose -186*w - 375 = -189*w. What is the remainder when w is divided by 56?
13
What is the remainder when 70 is divided by 1/(4*(-5)/(-500))?
20
Suppose 3*i = -0*r + r - 19, -2*r = 2*i + 2. Suppose 0*k - 64 = -2*k. Suppose r*w = k + 48. Calculate the remainder when w is divided by 11.
9
Suppose 33*j = 28*j + 20. Suppose 12 = 3*u, 7*u = 5*k + j*u - 583. Calculate the remainder when k is divided by 24.
23
Let l(u) = -11*u - 35. Let c(m) = m. Let h(g) = 3*c(g) + l(g). What is the remainder when 17 is divided by h(-6)?
4
Let f = -18 + 43. Let m = 45 - f. Suppose 42 = 16*b - 10*b. Calculate the remainder when m is divided by b.
6
Let t(f) = f**2 + 13*f - 49. Calculate the remainder when 99 is divided by t(5).
17
Let m = -121 + 149. Suppose -3*g + 51 = -h, -7*g + 6*g + m = -4*h. Calculate the remainder when 95 is divided by g.
15
Let q(r) = -12*r - 47. Let x(y) = -8*y - 31. Let n(v) = -5*q(v) + 8*x(v). What is the remainder when n(-13) is divided by 14?
11
Let f be -5*(-2 - 48/(-20)). What is the remainder when 61 is divided by (-84)/(-6)*((-3)/f - 0)?
19
What is the remainder when 55 is divided by (-5)/15*3*-8?
7
Suppose 4*c - 40 - 44 = 4*h, h + 4 = 0. Let p(q) be the first derivative of q**3/3 + 11*q**2/2 + 5*q + 6. Calculate the remainder when p(-13) is divided by c.
14
Suppose -22*t + 17*t = 290. Let d = 135 + t. What is the remainder when d is divided by 13?
12
Let n(p) = 3*p**2 - 26*p - 31. Calculate the remainder when n(13) is divided by 13.
8
Let n = 559 - 547. What is the remainder when 117 is divided by n?
9
Let q(s) = 10*s**2 - 35*s + 150. What is the remainder when q(7) is divided by 79?
0
Suppose -6*p = -p. Suppose 10 = -5*i, -106 = -p*l - l - 2*i. What is the remainder when l is divided by 28?
26
Suppose -65 = -5*f + m, 8*f - 73 = 4*f + 5*m. Calculate the remainder when -1 - -24*(-5)/(-2) is divided by f.
11
Let d(z) = 43*z - 580. Calculate the remainder when 173 is divided by d(14).
19
Let r(w) = -31*w**2 - 247*w + 17. Calculate the remainder when -70*(-1 + (-2)/(-4)) is divided by r(-8).
8
Let z = -39 + 49. Let i be (-1 - -5)/((-1)/(-4)). Suppose 5*s - 79 = i. Calculate the remainder when s is divided by z.
9
Let n be 8/(-8) - 6/2. Let p be (n/(-12))/(2/18). What is the remainder when 53 is divided by p + (-4 - -2) + 13?
11
Suppose -m - 16 = -b, 0*b + 2*b = -4*m + 14. Let z = 6 + -12. What is the remainder when (-220)/z - 1/(-3) is divided by b?
11
Suppose 0 = -3*i - 0*i + 90. Suppose -6*o - 206 = -206. What is the remainder when 127 is divided by (o - (-3 + 1)) + i?
31
Let o = 146 + -134. Let x(j) = 5*j + 9. Calculate the remainder when x(12) is divided by o.
9
Let t(o) = o**3 - 9*o**2 - 2*o + 21. Let s be t(9). Suppose s*f + 31 = 55. Calculate the remainder when 23 is divided by f.
7
Let b(z) = z**3 + 11*z**2 + 6*z + 2. Let o be (-21)/2 + (-2)/(-4). Calculate the remainder when b(o) is divided by 15.
12
Suppose h = -0*y - 2*y - 16, 0 = -y + 3*h + 6. Let o = 14 + y. Calculate the remainder when 30 is divided by o.
6
Let z(h) = -h**3 + 8*h**2 + 11*h - 6. Suppose 0 = 4*x - 0*p - 4*p - 28, 4 = 2*p. Suppose 0*q = 4*q - 32. What is the remainder when z(x) is divided by q?
4
Let f be 1 + 10/(-5) + 6. Calculate the remainder when (60/f)/2 - -4 is divided by 3.
1
Let i(w) = -w**3 - 5*w**2 - w - 9. Let j be i(-5). What is the remainder when 36/(-3)*j + 6/2 is divided by 27?
24
Let i(w) = -3*w**2 + 3*w + 1. Let z(p) = -p**3 + 16*p**2 + p - 14. Suppose -16 = t - 2*t. What is the remainder when z(t) is divided by i(1)?
0
Let c(k) = -k**3 + 17*k**2 - 9*k - 82. Calculate the remainder when 172 is divided by c(16).
22
Let h = -21 - -23. Calculate the remainder when 11 is divided by 42/18 + h/3.
2
Suppose s - 4*o = 66, 0*s + 5*s = -2*o + 242. What is the remainder when s is divided by 22?
6
Let x be 3/(0 - -24) + (-675)/24. What is the remainder when 99 is divided by (-33 + -1)*x/28?
31
Suppose -p + 5*z - 2 - 1 = 0, -2*p + 9 = 5*z. Suppose -3*b = p*b + 15, b - 53 = -4*a. Calculate the remainder when 13*2/4*6 is divided by a.
11
Let c(u) = -10*u**3 + u**2 + 3*u + 11. Let d be -4 + 1 + 1/1. Calculate the remainder when c(d) is divided by 23.
20
Suppose 20 = 2*p + 3*p. Let s = 6 - p. Calculate the remainder when 30/9*(-60)/(-50) is divided by s.
0
Suppose 0 = 2*b - 490 - 112. Calculate the remainder when (b/(-14))/((-1)/6) is divided by 26.
25
Let v = -38 + 59. What is the remainder when 102 is divided by v?
18
Suppose 5*v = -4*a + 14, -14 = -3*v - 2*a + a. Calculate the remainder when 0 + 0 + 2 + 21 is divided by v.
5
Let j(y) be the second derivative of -y**5/10 - 5*y**4/4 - 8*y**3/3 - 17*y**2/2 + 11*y. Calculate the remainder when j(-7) is divided by 24.
22
Calculate the remainder when -1*(-1)/(-1) + 16 is divided by (-3 + -4 + 5)/2 - -10.
6
What is the remainder when 598 is divided by ((-420)/63)/((-12)/45)?
23
Suppose -3*h - h = -2*z + 52, 0 = 3*h. Let u = 24 - 4. What is the remainder when z is divided by (5 - -4)/(12/u)?
11
Suppose 5*y + 3*t = 185, 69 = 3*y - 3*t - 42. Let v = -64 + 74. Calculate the remainder when y is divided by v.
7
Suppose 0*z + 3*z = -186. Let g = z - -105. Calculate the remainder when g is divided by (-1)/(-3)*9*(13 + -8).
13
Let z(d) = d**3 - 9*d**2 - d - 123. Calculate the remainder when z(11) is divided by 54.
0
Let i = 48 - 45. Let l = 34 + -20. What is the remainder when l is divided by i?
2
Let x = -9 - -14. Suppose x*w - b - 18 = 0, 2*w + 0*b = -2*b. Let a = 22 - w. Calculate the remainder when a is divided by 7.
5
Suppose 6*x - 2*x = 12. Suppose -3*v + 4*v - 79 = -x*w, -3*v = -12. Calculate the remainder when w is divided by 4.
1
Suppose -7 = 3*h + 17. Let s = h - -17. Suppose -2*p + 2*v = -0*v - 50, -3*v = 2*p - 55. Calculate the remainder when p is divided by s.
8
Suppose -105 = -5*q + 5*v, 5*v - 138 = -5*q - 3. Let p be (-348)/(-14) - 3/(-21). Let c = p + -16. Calculate the remainder when q is divided by c.
6
Suppose 3*f + 4*p - 273 = 0, -4*f + 3*p - p + 386 = 0. What is the remainder when f is divided by 50?
45
Let g(j) = 8*j - 54. Calculate the remainder when g(16) is divided by 25.
24
Suppose -10*d = 258 - 748. Calculate the remainder when 193 is divided by d.
46
Suppose -4*g + 18 = 2*g. Suppose -g*b = -3*q + 90, -4*q + 4*b = -2*q - 60. What is the remainder when 52 is divided by q?
22
Suppose 0 = -3*c - y + 4*y + 21, -2*y = 2*c - 2. Suppose 20 = -5*a, 3*p - c*a - 160 = -p. What is the remainder when p is divided by 10?
6
Suppose 46*f - 12 = 43*f. Suppose -84 + 577 = 5*b - f*t, 198 = 2*b - 2*t. What is the remainder when b is divided by 17?
12
Suppose 3*f + 10 = 31. Suppose 0*l - l = -3*s - 16, 2*l - 2*s = 20. Suppose f = v - l. Calculate the remainder when 41 is divided by v.
13
Let x(q) = -13*q - 61. Let h be x(-19). Let y = 301 - h. Calculate the remainder when y is divided by 59.
56
Suppose -2*r + 223 - 213 = 0, r - 15 = -2*x. What is the remainder when 9